{"id":30,"date":"2017-06-20T11:49:10","date_gmt":"2017-06-20T11:49:10","guid":{"rendered":"http:\/\/erikersara.nu\/?page_id=30"},"modified":"2017-07-04T16:02:15","modified_gmt":"2017-07-04T16:02:15","slug":"inbjudan-2017","status":"publish","type":"page","link":"https:\/\/erikersara.nu\/?page_id=30","title":{"rendered":"Inbjudan 2017"},"content":{"rendered":"<p style=\"text-align: center;\">V\u00c4LKOMMEN TILL<\/p>\n<p style=\"text-align: center;\"><strong>SL\u00c4KTTR\u00c4FF <\/strong>MED <strong>ERIK ERS&#8217;ARA<\/strong><\/p>\n<p style=\"text-align: center;\">S\u00d6NDAGEN 23 JULI 2017<\/p>\n<p>Nu \u00e4r det dags f\u00f6r SL\u00c4KTTR\u00c4FFEN! Enligt \u00f6verenskommelse s\u00e5 skulle vi tr\u00e4ffas vart 3:e \u00e5r. Tre \u00e5r g\u00e5r fort och nu skall vi tr\u00e4ffas och ha trevligt igen. Vid den f\u00f6rra tr\u00e4ffen s\u00e5 var vi drygt 90 personer. Alla generationer i alla led efter Erik och Charlotta \u00e4r varmt v\u00e4lkomna. F\u00f6rutom &#8220;pj\u00f6ller&#8221; och &#8220;eta och d\u00f6pp&#8221; skall naturligtvis den otroligt viktiga SL\u00c4KTFEJDEN genomf\u00f6ras. De nuvarande m\u00e4starna Enerstedts kommer att utmanas om vandringspriset.<\/p>\n<p>PROGRAM S\u00d6NDAGEN 23 JULI<\/p>\n<pre>10.00 Samling  \r\n      Tid f\u00f6r \"pj\u00f6ller\" och uppstart av Sl\u00e4kttr\u00e4ffen\r\n11.30 L\u00e4ttlunch i form av varmkorv med br\u00f6d\r\n      Vi forts\u00e4tter umg\u00e5s och p\u00e5b\u00f6rjar Sl\u00e4ktfejden\r\n13.30 Fika - Det stora KNYTKALASET\r\n      Hur m\u00e5nga bakverk blir det i \u00e5r?\r\n17.00 Middag genom egen f\u00f6rsorg - Kanske grillning?\r\n\r\nEfter en god middag blir det prisutdelning och \r\navslutning av tr\u00e4ffen med Erik Ers'ara\r\n\r\nBarnaktiviteter kommer som vanligt att genomf\u00f6ras<\/pre>\n<p>Vi vet att det finns olika kunskaper\/talanger i sl\u00e4kten! Det kan vara att ber\u00e4tta en historia, sjunga, danska mm. Visa detta f\u00f6r sl\u00e4kten!<\/p>\n<p>Har du fr\u00e5gor s\u00e5 ring oss!<\/p>\n<p>John-Gunnar J\u00f6nsson\u00a0\u00a0\u00a0 070-699 19 46<\/p>\n<p>Roger J\u00f6nsson\u00a0\u00a0\u00a0\u00a0\u00a0\u00a0\u00a0\u00a0\u00a0\u00a0\u00a0\u00a0\u00a0\u00a0\u00a0\u00a0\u00a0 070-587 20 53<\/p>\n<p>Vi hoppas verkligen att ni kan komma! Meddela oss helst f\u00f6re den 17 juli om ni kan komma eller inte. Ring John-Gunnar eller Roger eller maila johngunnar.jonsson@gmail.com eller roger.jonsson@allt2.se<\/p>\n<p><strong>Med v\u00e4nliga h\u00e4lsningar,<\/strong><\/p>\n<p><strong>Sven-Eric, John-Gunnar och Roger<\/strong><\/p>\n<p>PS. V\u00e5r hemsida erikersara.nu \u00e4r under ombyggnad, och vi arbetar med att l\u00e4gga tillbaka bildgalleriet fr\u00e5n tidigare sl\u00e4kttr\u00e4ffar.<\/p>\n","protected":false},"excerpt":{"rendered":"<p>V\u00c4LKOMMEN TILL SL\u00c4KTTR\u00c4FF MED ERIK ERS&#8217;ARA S\u00d6NDAGEN 23 JULI 2017 Nu \u00e4r det dags f\u00f6r SL\u00c4KTTR\u00c4FFEN! Enligt \u00f6verenskommelse s\u00e5 skulle vi tr\u00e4ffas vart 3:e \u00e5r. Tre \u00e5r g\u00e5r fort och nu skall vi tr\u00e4ffas och ha trevligt igen. Vid den f\u00f6rra tr\u00e4ffen s\u00e5 var vi drygt 90 personer. Alla generationer i alla led efter Erik &hellip; <\/p>\n<p class=\"link-more\"><a href=\"https:\/\/erikersara.nu\/?page_id=30\" class=\"more-link\">Continue reading<span class=\"screen-reader-text\"> &#8220;Inbjudan 2017&#8221;<\/span><\/a><\/p>\n","protected":false},"author":2,"featured_media":0,"parent":0,"menu_order":2,"comment_status":"closed","ping_status":"closed","template":"","meta":{"ngg_post_thumbnail":0,"footnotes":""},"class_list":["post-30","page","type-page","status-publish","hentry"],"_links":{"self":[{"href":"https:\/\/erikersara.nu\/index.php?rest_route=\/wp\/v2\/pages\/30","targetHints":{"allow":["GET"]}}],"collection":[{"href":"https:\/\/erikersara.nu\/index.php?rest_route=\/wp\/v2\/pages"}],"about":[{"href":"https:\/\/erikersara.nu\/index.php?rest_route=\/wp\/v2\/types\/page"}],"author":[{"embeddable":true,"href":"https:\/\/erikersara.nu\/index.php?rest_route=\/wp\/v2\/users\/2"}],"replies":[{"embeddable":true,"href":"https:\/\/erikersara.nu\/index.php?rest_route=%2Fwp%2Fv2%2Fcomments&post=30"}],"version-history":[{"count":9,"href":"https:\/\/erikersara.nu\/index.php?rest_route=\/wp\/v2\/pages\/30\/revisions"}],"predecessor-version":[{"id":39,"href":"https:\/\/erikersara.nu\/index.php?rest_route=\/wp\/v2\/pages\/30\/revisions\/39"}],"wp:attachment":[{"href":"https:\/\/erikersara.nu\/index.php?rest_route=%2Fwp%2Fv2%2Fmedia&parent=30"}],"curies":[{"name":"wp","href":"https:\/\/api.w.org\/{rel}","templated":true}]}}